2152?
2, 3, 181, 911
List the prime factors of 8321640.
2, 3, 5, 31, 2237
List the prime factors of 693142.
2, 113, 3067
What are the prime factors of 161200?
2, 5, 13, 31
What are the prime factors of 544031?
544031
What are the prime factors of 496703?
496703
What are the prime factors of 4261059?
3, 11, 14347
List the prime factors of 2447963.
7, 349709
List the prime factors of 528432.
2, 3, 101, 109
List the prime factors of 519436.
2, 31, 59, 71
List the prime factors of 2339851.
103, 22717
What are the prime factors of 5237254?
2, 11, 101, 2357
List the prime factors of 717451.
7, 17, 6029
List the prime factors of 4839024.
2, 3, 73, 1381
List the prime factors of 12316490.
2, 5, 43, 28643
List the prime factors of 2105691.
3, 7, 100271
List the prime factors of 35971044.
2, 3, 2997587
List the prime factors of 202664.
2, 7, 11, 47
List the prime factors of 9365320.
2, 5, 137, 1709
What are the prime factors of 147734?
2, 73867
List the prime factors of 1175743.
1175743
What are the prime factors of 507756?
2, 3, 17, 19, 131
List the prime factors of 405897.
3, 19, 7121
What are the prime factors of 30080?
2, 5, 47
List the prime factors of 9308468.
2, 13, 23, 43, 181
List the prime factors of 17838706.
2, 1979, 4507
What are the prime factors of 170116?
2, 71, 599
What are the prime factors of 3302416?
2, 13, 15877
List the prime factors of 7216486.
2, 383, 9421
What are the prime factors of 2661141?
3, 7, 43, 421
What are the prime factors of 7275994?
2, 11, 163, 2029
What are the prime factors of 142330?
2, 5, 43, 331
What are the prime factors of 51699?
3, 19, 907
List the prime factors of 1022240.
2, 5, 6389
What are the prime factors of 32578?
2, 7, 13, 179
What are the prime factors of 4649416?
2, 581177
What are the prime factors of 619294?
2, 13, 23819
List the prime factors of 8247879.
3, 305477
List the prime factors of 386462.
2, 73, 2647
List the prime factors of 19129320.
2, 3, 5, 7, 7591
What are the prime factors of 1430611?
7, 13, 79, 199
List the prime factors of 175528.
2, 37, 593
What are the prime factors of 28842182?
2, 29, 497279
What are the prime factors of 11419541?
7, 1631363
List the prime factors of 4879148.
2, 1219787
What are the prime factors of 86533?
86533
What are the prime factors of 15777069?
3, 7, 11, 887
List the prime factors of 1835455.
5, 43, 8537
What are the prime factors of 24604459?
11, 2236769
What are the prime factors of 19374686?
2, 223, 43441
What are the prime factors of 194359?
11, 17669
List the prime factors of 2109103.
2109103
What are the prime factors of 76848?
2, 3, 1601
What are the prime factors of 152857?
152857
List the prime factors of 26273082.
2, 3, 11, 398077
What are the prime factors of 378917?
7, 11, 19, 37
What are the prime factors of 64454?
2, 13, 37, 67
List the prime factors of 2287897.
29, 78893
List the prime factors of 2127418.
2, 1063709
What are the prime factors of 40289?
40289
What are the prime factors of 1932210?
2, 3, 5, 7, 3067
What are the prime factors of 781894?
2, 167, 2341
List the prime factors of 422698.
2, 211349
List the prime factors of 5657125.
5, 167, 271
What are the prime factors of 5132257?
13, 41, 9629
List the prime factors of 1351886.
2, 251, 2693
What are the prime factors of 159104?
2, 11, 113
List the prime factors of 1936320.
2, 3, 5, 2017
List the prime factors of 1945998.
2, 3, 36037
What are the prime factors of 2137137?
3, 23, 47, 659
What are the prime factors of 246243?
3, 79, 1039
What are the prime factors of 9256517?
17, 544501
What are the prime factors of 172813?
61, 2833
List the prime factors of 6805853.
6805853
List the prime factors of 2542137.
3, 13, 65183
What are the prime factors of 727886?
2, 353, 1031
What are the prime factors of 898512?
2, 3, 18719
What are the prime factors of 567928?
2, 70991
List the prime factors of 22655.
5, 23, 197
List the prime factors of 196658.
2, 7, 11, 1277
What are the prime factors of 5358329?
47, 173, 659
What are the prime factors of 20434?
2, 17, 601
What are the prime factors of 50244?
2, 3, 53, 79
What are the prime factors of 659122?
2, 31, 10631
List the prime factors of 18294028.
2, 223, 20509
What are the prime factors of 3664?
2, 229
List the prime factors of 3227315.
5, 7, 13, 41, 173
What are the prime factors of 13561973?
23, 31, 827
List the prime factors of 3397116.
2, 3, 283093
List the prime factors of 655222.
2, 197, 1663
What are the prime factors of 525147?
3, 7, 17, 1471
What are the prime factors of 265563?
3, 19, 1553
List the prime factors of 863082.
2, 3, 11, 1453
List the prime factors of 1811271.
3, 7, 11, 7841
What are the prime factors of 5984976?
2, 3, 67, 1861
List the prime factors of 3465600.
2, 3, 5, 19
List the prime factors of 2335944.
2, 3, 13, 7487
What are the prime factors of 7516618?
2, 17, 221077
List the prime factors of 10684651.
47, 463, 491
What are the prime factors of 15105644?
2, 3776411
List the prime factors of 987449.
19, 51971
List the prime factors of 523548.
2, 3, 14543
What are the prime factors of 1148831?
43, 26717
List the prime factors of 403463.
83, 4861
List the prime factors of 4614886.
2, 29, 251, 317
What are the prime factors of 213056?
2, 3329
What are the prime factors of 339068?
2, 29, 37, 79
List the prime factors of 5454486.
2, 3, 101009
List the prime factors of 464429.
7, 66347
What are the prime factors of 174130?
2, 5, 11, 1583
List the prime factors of 1338770.
2, 5, 133877
What are the prime factors of 324817?
47, 6911
List the prime factors of 12175.
5, 487
What are the prime factors of 15355038?
2, 3, 2559173
List the prime factors of 250135.
5, 19, 2633
List the prime factors of 1519730.
2, 5, 83, 1831
List the prime factors of 584953.
17, 19, 1811
List the prime factors of 7157170.
2, 5, 17, 42101
List the prime factors of 791908.
2, 13, 97, 157
List the prime factors of 179075.
5, 13, 19, 29
List the prime factors of 67139.
67139
List the prime factors of 104228.
2, 71, 367
List the prime factors of 23866137.
3, 67, 79, 167
List the prime factors of 910297.
311, 2927
What are the prime factors of 245318?
2, 23, 5333
List the prime factors of 129034.
2, 149, 433
What are the prime factors of 4345040?
2, 5, 7, 7759
What are the prime factors of 11002905?
3, 5, 149, 547
List the prime factors of 9081.
3, 1009
List the prime factors of 882805.
5, 7, 11, 2293
What are the prime factors of 428998?
2, 214499
What are the prime factors of 197310?
2, 3, 5, 6577
List the prime factors of 720947.
720947
What are the prime factors of 1594168?
2, 89, 2239
List the prime factors of 6545953.
6545953
List the prime factors of 2115370.
2, 5, 199, 1063
List the prime factors of 2443728.
2, 3, 7, 1039
List the prime factors of 169633.
169633
What are the prime factors of 5786131?
13, 445087
List the prime factors of 701034.
2, 3, 31, 3769
List the prime factors of 283718.
2, 127, 1117
List the prime factors of 10199207.
653, 15619
List the prime factors of 21610667.
13, 101, 109, 151
What are the prime factors of 102697?
7, 17, 863
What are the prime factors of 6406086?
2, 3, 41, 26041
List the prime factors of 226973.
59, 3847
What are the prime factors of 1538186?
2, 13, 67, 883
What are the prime factors of 28380535?
5, 5676107
List the prime factors of 265054.
2, 132527
What are the prime factors of 1906406?
2, 233, 4091
List the prime factors of 1736682.
2, 3, 31, 9337
List the prime factors of 34115031.
3, 3790559
List the prime factors of 7329389.
151, 48539
What are the prime factors of 1431150?
2, 3, 5, 7, 29, 47
List the prime factors of 506670.
2, 3, 5, 16889
List the prime factors of 2335270.
2, 5, 7, 73, 457
List the prime factors of 923887.
23, 40169
List the prime factors of 353079.
3, 1453
What are the prime factors of 4032096?
2, 3, 97, 433
List the prime factors of 752396.
2, 79, 2381
List the prime factors of 92125.
5, 11, 67
List the prime factors of 7345158.
2, 3, 1224193
What are the prime factors of 2534319?
3, 97, 2903
List the prime factors of 433766.
2, 73, 2971
List the prime factors of 31297.
7, 17, 263
List the prime factors of 9172661.
47, 195163
What are the prime factors of 390519?
3, 43391
List the prime factors of 316312.
2, 19, 2081
List the prime factors of 8164.
2, 13, 157
L